- 187, -4*r = -2*z - z - h. Is r composite?
False
Let w = 96 + 227. Is w composite?
True
Let p(m) be the first derivative of m**3/3 - m**2 + m + 3. Let f be p(3). Suppose -70 = -f*g + 2*g. Is g composite?
True
Let q(t) = -t - 1. Let p be q(-4). Suppose -4*r - 3*l - l + 632 = 0, -p*r + 2*l + 459 = 0. Is r prime?
False
Suppose 4*s - 19144 = 7*y - 3*y, -5*s - 4*y = -23885. Is s a prime number?
False
Let d(k) = 4*k**2 + 12*k - 5. Is d(6) prime?
True
Is (-2)/(-9) - 38894/(-18) a prime number?
True
Suppose -64 = -4*i - 24. Suppose 0 = q - 0*q - i. Is q a composite number?
True
Suppose 0 = 4*v - 1161 - 323. Is v a composite number?
True
Let w(u) = 2*u**3 - 12*u**2 - 11*u + 10. Is w(9) a prime number?
True
Suppose 2*l + 2*d + 1833 = 7*l, -l = -5*d - 385. Let k = 6 + l. Is k a composite number?
True
Let a(i) = 72*i**2 + 6*i + 5. Is a(-3) a composite number?
True
Suppose 20 = 5*k - 0*k - 4*b, 0 = -5*k - 3*b + 20. Suppose -y - k*y - f + 275 = 0, -2*y + 110 = 4*f. Is y composite?
True
Suppose -v = 0, 253 = -2*x + 3*x + 3*v. Is x prime?
False
Let k be 3*(2 - (-4)/(-3)). Suppose -k*p + 11 = -345. Suppose -3*w + 174 + 55 = 4*n, 3*n - p = 4*w. Is n composite?
True
Let g(y) = -y**3 + 5*y**2 + 5. Let n be g(5). Let a(j) = j**2 - j**2 - n*j + j**2. Is a(7) composite?
True
Let i(h) = 9*h**3 - h**2 + 2*h + 4. Let z be i(3). Suppose 5*n + 63 = -x + z, 0 = -2*x - 8. Is n composite?
False
Suppose 5*c + 2*w = 3*w + 952, 2*w - 961 = -5*c. Is c a prime number?
True
Is (-3222)/(-15)*(-55)/(-22) a prime number?
False
Let k be (-74)/(-2)*(-1 + 2). Let t be (1 + 0)/(12/(-24)). Let u = k - t. Is u a composite number?
True
Let y(z) = -50*z - 1. Let u be y(-1). Suppose -2*r - 4*k = -62, r - 2*k - 2*k - u = 0. Is r a prime number?
True
Suppose 0 = 2*h - 3*b - 6, 2*h = -3*b + 6. Suppose 4*j - 23 = -s, 3*s - 49 = -h*j + 11. Is s a composite number?
False
Suppose 9 = 3*p + 3. Suppose -p*x - x = 0. Suppose -4*v + 2*f + 78 = -x*f, -2*f = 3*v - 76. Is v prime?
False
Let r = -53 - 25. Let j = -23 - -24. Is 1/(j/r*-3) prime?
False
Let y(m) = 28*m + 11. Is y(3) prime?
False
Let k(d) = -3*d**3 - 4*d**2 - 7*d + 9. Is k(-8) prime?
False
Let w(d) = 34*d - 11. Is w(9) composite?
True
Let d be (-1458)/(-33) + 4/(-22). Is d/8*(-14)/(-1) composite?
True
Let i = 190 + 101. Suppose -3*y - 18 = -i. Is y prime?
False
Let u = -19 + 43. Suppose -3*d + d = -u. Is 62/4*d/6 prime?
True
Suppose 4*s + 12 = 6*s. Suppose s*w - 90 = 228. Is w prime?
True
Let z(a) = a**3 - 5*a**2 - a - 5. Let u(m) = m**3 - 5*m**2 - 2*m - 5. Let k(w) = 6*u(w) - 5*z(w). Is k(8) composite?
False
Suppose 0 = -k + 5, 3*w + 4*k - 109 = 25. Is w prime?
False
Let o(v) be the third derivative of -7*v**6/720 - v**5/15 - v**4/12 + 2*v**2. Let g(w) be the second derivative of o(w). Is g(-6) a composite number?
True
Let a = -462 - -793. Is a a composite number?
False
Suppose 7*z = 2*z. Is 141 - (-1 + z + -1) composite?
True
Let o(q) = -q**2 + 17*q + 5. Let y(z) = -z**3 + 8*z**2 - 5*z - 2. Let h be y(7). Is o(h) prime?
False
Let w = 837 - 547. Suppose w = 5*v - 3*h, -4*v - 5*h + 232 = -3*h. Is v prime?
False
Is (-1 + 29)*(-278)/(-8) a composite number?
True
Let y be 428/3 + (-5)/(-15). Let a = 0 - -3. Suppose 3*q = 4*q, a*q = -n + y. Is n a composite number?
True
Let g = -401 - -906. Is g a composite number?
True
Let l(u) = 24*u + 1. Let v(f) = -f + 10. Let d be 3/(9/(-15)*-1). Let j be v(d). Is l(j) composite?
True
Suppose 4*i + 4*w + 0 = -12, 3 = -4*i - w. Let j be 3/(i + 3) - -14. Let h = j - 4. Is h a composite number?
False
Suppose -3*d + 0*d = 90. Let v = 76 + d. Is v a composite number?
True
Suppose 7*x = 4*x + 129. Let m = 60 + x. Is m composite?
False
Suppose -8 = 3*g - 7*g. Let y be -1 - g*183/(-2). Suppose 4*z - y = 2*z. Is z a composite number?
True
Suppose -g = 2*h - 5*g, -3*h + 7 = g. Suppose 3*w - 47 = h*x + 60, x - 34 = -w. Is w composite?
True
Is -2*(-7858)/32 + (-13)/104 composite?
False
Suppose -4*d - 2 = 2*l, -5*l + 2*l + 4*d + 27 = 0. Suppose 3*h - 59 = -3*c + 37, -c - l = 0. Is h a prime number?
True
Suppose 11 = v + f - 25, 3*f - 73 = -2*v. Is v a composite number?
True
Suppose 4*v - p + 1 = 0, -5*v + p = 2*p - 10. Let n be 1/(0 - v)*-148. Let q = -95 + n. Is q a prime number?
True
Suppose -13 = -5*v + 2*v + z, v + 1 = -5*z. Let x = -41 + 66. Suppose 3*h - 21 = -3*g, -8*h = -v*h + 3*g - x. Is h composite?
True
Let b = 4 + -3. Let z = 1 + b. Is z/(-3)*(-1341)/6 a prime number?
True
Suppose -6*m = -m + 2*c - 9487, -3*m - 2*c = -5693. Is m prime?
False
Let k(g) = -7*g - 5. Let a(o) = o**3 - 5*o**2 - o - 1. Let n be a(5). Is k(n) prime?
True
Let t be 0/2 + 8*5. Let c = t - 9. Is c a composite number?
False
Suppose 3*i + 2*n - 1437 = 0, -2*i + 49 = 2*n - 909. Is i a prime number?
True
Suppose 4*h + 175 = 5*o, o + 5*h - 6 = 29. Is o prime?
False
Let z = -9 + -51. Let o = z - -182. Suppose 0 = -3*b + 12, -5*u + 9 = 4*b - o. Is u prime?
True
Suppose -3*f - 4*a - 105 = 0, -2*f + 3*a = 6*a + 69. Let u = f - -119. Let i = 127 - u. Is i a prime number?
True
Let s(l) = -16*l + 2. Let u be s(-6). Suppose 0 = 2*x - 0*x - u. Is x prime?
False
Let d(i) = -2*i. Let u(o) = -3*o + o + 5 - 4. Let q(g) = -6*d(g) + 5*u(g). Is q(9) a prime number?
True
Let m(v) = -27*v - 1. Is m(-2) a composite number?
False
Suppose -3*x - 49 = 5*q, -5*q - 3*x - 55 = 2*x. Let n(w) = -w**3 - 9*w + 3. Is n(q) a prime number?
True
Is -3297*(5 - (-32)/(-6)) composite?
True
Is 1*(-606)/4*-2 composite?
True
Let t = 3 - 1. Suppose t*a - 55 = a. Is a composite?
True
Let a be 3/2*4984/6. Suppose 5559 + a = 5*k. Is k a prime number?
True
Suppose 0 = 5*g - a - 2*a, -3*g + 2*a = 1. Suppose -5*t - 9 = -2*i - 60, -51 = g*i + t. Let v = i + 37. Is v a prime number?
True
Let v(y) = y + 11. Let h be v(-8). Is (-9)/h*(-106)/3 prime?
False
Is ((-2)/(-2))/(1/233) a composite number?
False
Let h(s) = 8*s**2 + s + 1. Let p = 6 + 0. Let i be h(p). Suppose -4*a = a - i. Is a a composite number?
False
Suppose -2*a = 3*f - 2877, f - 959 = 5*a - 2*a. Is f a prime number?
False
Suppose -4*r + 0*r = -8. Suppose -93 = r*z - 383. Is z a prime number?
False
Suppose -77 = 5*y + 38. Let v = 70 + y. Suppose -5*c + 18 = -v. Is c composite?
False
Let q = 12 - 17. Let h(s) = 4*s**2 + 2*s + 7. Is h(q) a composite number?
False
Let q = 151 - 38. Is q a prime number?
True
Suppose -30*q + 2715 = -27*q. Is q a composite number?
True
Let x = 1 - -3. Let z(p) = x + p - 4*p + 2*p**2 + 1 + 10*p. Is z(-6) a prime number?
False
Let u = -5 + 9. Suppose 0 = -5*k + u*k + 3. Suppose 2*g = -k*g + 445. Is g prime?
True
Suppose -5*j = -2*x - 59263, 16573 + 7125 = 2*j + x. Is j a prime number?
False
Let a(n) = -5*n**2 + 6*n - 6. Let l be a(6). Let m = -103 - l. Is m prime?
True
Is 56 + ((-34)/17 - (1 - 5)) composite?
True
Suppose -406 = -2*m + 5*t, t = -2*m - 2*m + 834. Let o = m + -131. Is o prime?
False
Let r = 615 - -1508. Is r composite?
True
Let l = 17 - 25. Let x be ((-3)/4)/(2/l). Suppose -u - x*u = -260. Is u a composite number?
True
Suppose 0 = -4*v - 2*q + 1274, -2*v - v - 3*q = -960. Is v a composite number?
False
Let x be ((-2)/(-3))/((-16)/24). Let o be (-9)/6 + x/(-2). Let d(p) = -54*p**3 - 2*p**2 - 2*p - 1. Is d(o) composite?
False
Suppose -k - k - 6 = 0. Let i(l) = -2*l**2 + l. Let d be i(k). Is 0 + 3*d/(-3) a prime number?
False
Let b = 89 + -54. Let x = b + 20. Is x a composite number?
True
Let p(q) = -q**2 - 4. Suppose 5*a = -3*w - 3, 2*w + 4 = a - 2*w. Let o be p(a). Is 191/2*o/(-2) a composite number?
False
Suppose 4*c - 3218 = 1818. Is c a prime number?
True
Let a(r) = -r - 1. Let s(o) = o + 148. Let w(k) = -a(k) + s(k). Is w(0) prime?
True
Suppose -c = -2*g - 10, -3*c = 2*c - g - 14. Suppose -4*t - 6 = c. Is (95/3)/(t/(-6)) prime?
False
Let s = -9 + 4. Let c be 11 + (-3 - s/1). Is 1 - 1 - c/(-1) a composite number?
False
Suppose 3*o - 970 = o. Is o a prime number?
False
Suppose -424 = -4*u - 5*r, u + 0*r - 4*r = 127. Suppose -2*b + u = b. Is b prime?
True
Let j = 130 + -183. Let y(u) = -u**2 - 3*u + 6. Let c be y(4). Let k = c - j. Is k prime?
True
Suppose -o + 6 - 4 = 0. Suppose 94 = o*v - v. Is v prime?
False
Is (2*(-15802)/(-12))/((-9)/(-27)) composite?
False
Let n(l) be the first derivative of -7*l**3/3 + l**2 + l + 1. Let f be n(-1). Is (146/f)/((-8)/160) a composite number?
True
